 Suppose -4*n = n - 150. What is the highest common divisor of n and z?
10
Let m be ((-12)/(-26))/((-93)/(-12896)). What is the highest common divisor of m and 5680?
16
Let b be -9 - -14 - 6 - 3. Let a be 6/b - -1*4908/24. Calculate the highest common divisor of 7 and a.
7
Suppose -964458 = -53*v - 86*v - 46502. Calculate the greatest common divisor of 52 and v.
52
Suppose 253 = -r - 3*f + 835, -5*r + 4*f + 2910 = 0. Calculate the greatest common divisor of 54 and r.
6
Suppose -131*h + 890 + 67230 = 0. Calculate the greatest common factor of h and 56.
8
Suppose 18740 = 2*p - a, 6932 - 35064 = -3*p - 4*a. What is the highest common factor of p and 36?
12
Suppose -4*a - 18 - 8 = -2*b, -b = -3*a - 18. Suppose 0 = b*n - 5*q - 448, 5*q = -2*n + 184 + 148. Calculate the highest common factor of n and 3.
3
Suppose -5*s + 2*b + 50 = 0, 6*b - 10*b = -2*s + 36. Let q(r) = 28*r**2 + 22*r - 62. Let i be q(3). Calculate the highest common factor of i and s.
8
Let t = 43087 + -43022. Let x be (4 + 0)*(-39)/(-6). Calculate the greatest common factor of x and t.
13
Let o = -12 + 3. Let l(t) = t**3 + 9*t**2 - t + 21. Let f be l(o). Suppose -f = -8*h + 2*h. Calculate the greatest common divisor of 80 and h.
5
Suppose 3*h - 1538 = -2*z, -5*h + 1098 = 4*z - 1468. What is the highest common divisor of 24 and h?
6
Suppose 0 = 4*z - 3*v - 64, -z = -32*v + 28*v - 3. Suppose 0 = 4*x - 3*u - 183, -24*x + 2*u = -z*x - 227. Calculate the greatest common divisor of x and 150.
15
Let b(f) = 28*f**2 + 115*f - 84. Let q be b(7). What is the highest common divisor of 39 and q?
13
Let l = -352 - -412. Calculate the greatest common factor of l and 230.
10
Let n = 11964 + -6936. What is the highest common factor of n and 36?
12
Suppose -5*u - 160 = 11*u. Let p(m) = m**3 + 12*m**2 + 14*m + 15. Let k be p(u). Let x = 77 - k. Calculate the highest common divisor of 2 and x.
2
Let t(l) = -439*l + 17. Let c(z) = -443*z + 17. Let j(s) = 3*c(s) - 2*t(s). Let d be j(-1). Calculate the greatest common factor of d and 104.
52
Suppose 4*i + 2*v - 196 = 6*v, -3*v = -4*i + 201. Let x = 3576 - 1848. Calculate the highest common divisor of x and i.
54
Let v = 9862 + -8354. Calculate the greatest common divisor of v and 52.
52
Let k(f) = -6098*f - 24312. Let j be k(-4). Suppose -3*w + 181 + 3899 = 0. What is the greatest common factor of j and w?
80
Suppose -6*y - 8 = -140. Suppose -5*k - y = -6*k. Calculate the highest common divisor of k and 88.
22
Let j(g) = g**3 + 20*g**2 + 108*g + 232. Let q be j(-11). What is the highest common divisor of 287 and q?
7
Let i(a) = -12*a**2 - 161*a + 27. Let u be i(-12). What is the highest common divisor of u and 3297?
21
Let p be (-55452)/(-9) + (-4)/3. Suppose 2*y - p = -12*y. Calculate the greatest common factor of y and 40.
40
Let h = -615 + 679. What is the greatest common factor of 56 and h?
8
Let x = 42488 + -18660. Calculate the greatest common divisor of 148 and x.
148
Suppose -2*q - 54 + 60 = 0. Let m be 0 - 6/(q + -6). Let z be 3 + (-1 - -1)/m. What is the highest common divisor of z and 27?
3
Let n be (1 - 0) + 210 + -4. Let o = -243044 - -243067. Calculate the highest common divisor of o and n.
23
Let r(j) = -j**2 + 8*j - 4. Let t be r(6). Let m = -5 + 12. Let g = 23 - m. What is the greatest common divisor of g and t?
8
Suppose 2*y - 5 = 5*x - 7, 1 = 2*x - y. Suppose 4*t - 151 + 19 = x. Let z be 2 - (-21 + (1 - 0)). Calculate the highest common factor of t and z.
11
Suppose 28*v + 26 = 138. Suppose -s + 550 + 270 = -v*b, 3*b = -4*s + 3185. What is the greatest common divisor of 25 and s?
25
Suppose 6*z + 2*h = -3*h + 559, 5 = h. What is the greatest common divisor of 5963 and z?
89
Suppose -321 + 265 = -4*i. Suppose i*d = 523 + 849. What is the greatest common factor of d and 49?
49
Suppose 2*h - 41 - 72 = 69. Calculate the highest common divisor of h and 26.
13
Let h be (-4 + 2 - -1)*2. Suppose s - 221 = 2*g, -5*g + 5*s - 97 = -4*g. Let z be (g/(-20))/(h/(-35)). Calculate the highest common factor of z and 14.
14
Suppose 2*r = 5*a - 141 + 5, 3*a - 80 = 2*r. Calculate the highest common divisor of a and 6804.
28
Let b = -14014 - -14089. Calculate the greatest common divisor of 3585 and b.
15
Suppose 232*l - 235*l + 5*j + 138 = 0, -5*l = 4*j - 156. What is the greatest common divisor of l and 4932?
36
Suppose -318 - 58 = -4*t. Let h = t - 70. Suppose -5*b = c - 68, 0*b - 3*b - 132 = -3*c. Calculate the highest common factor of c and h.
24
Let f(a) = 8*a - 2. Let z be f(4). Suppose 3*y - 8*y + 780 = 5*k, -508 = -3*k + 5*y. Let x = 211 - k. What is the highest common divisor of x and z?
10
Let y be (-28)/(18/(-927) + 0). Calculate the greatest common divisor of 14 and y.
14
Suppose -5*d - x + 201 = 0, 12 = 9*x - 7*x. Calculate the highest common divisor of 871 and d.
13
Let g(s) = 39*s - 3. Let c be g(3). Let k = 124 - c. Suppose k - 5 = l. Calculate the highest common divisor of l and 5.
5
Let d be (6/18)/1 + 29/3. Suppose 4*q - v - 4628 = 3*v, -5*v + d = 0. Suppose 2*m + 239 = g, 5*g - 2*m + m = q. Calculate the highest common factor of 33 and g.
33
Let k = 228 - 219. Suppose -4*w + 35 = -145. Calculate the highest common factor of k and w.
9
Suppose c - 4*i = 23, 7 = -4*c - 4*i - 1. Suppose -c*f - 93 = -3*y, -142 = -4*y - 10*f + 5*f. Calculate the highest common factor of y and 143.
11
Let t(z) = -172*z - 1393. Let r be t(-18). Calculate the greatest common divisor of 91 and r.
13
Suppose 2*o - 47 = -h, 0*o - 85 = -4*o + h. Let x be 1060/o + ((-36)/(-33))/(-6). Calculate the greatest common divisor of 48 and x.
48
Suppose -8106 + 4569 = -131*g. What is the highest common factor of 2391 and g?
3
Let t(z) = 12*z**2 - 83*z + 15. Let s be t(9). Calculate the highest common divisor of s and 12160.
80
Suppose -4*j + 21 = 3*s, 4*s = -5*j + 10 + 18. Let z(o) = 69*o + 10. Let m be z(s). Calculate the greatest common divisor of m and 29.
29
Let o = 1 + 3. Suppose 4*k + 60 - 332 = -4*s, -o*s - k + 257 = 0. Suppose -4*d = -5*h - 26, 2*d - 4*h - 8 = h. What is the greatest common factor of s and d?
9
Suppose 2*o + 3*o + 109 = 2*i, 4*o - 61 = -i. Suppose i*u + 35 = 62*u. What is the highest common factor of 224 and u?
7
Suppose 0 = -6*r + 466 + 236. Let g be 2/(-13) + 9027/r. What is the highest common divisor of g and 693?
77
Let k = -97 + 173. Let f = -85165 - -85222. Calculate the highest common factor of f and k.
19
Let o be ((-24)/(-42))/((-1)/(-7)). Suppose -46 + 318 = -o*i. Let q be i/(-60) - 2/15. What is the highest common factor of q and 1?
1
Let w = -113 - -116. Suppose 3*t - 6 = d, 3*d + w*t - 18 = 2*d. What is the highest common divisor of d and 27?
3
Let a be (3 + (66/(-12) - -2))*-14. Suppose -14*q + 42 = -a*q. What is the greatest common factor of q and 5?
1
Let n = -310 - -49. Let r = 315 + n. What is the highest common factor of 3 and r?
3
Let g(v) = 22*v + 10. Let x be g(3). Suppose 0 = -2*n - 2*t + 80, 5*n - 46 = 4*n - 4*t. Calculate the greatest common divisor of n and x.
38
Suppose 13*h - 18868 + 395 = 0. What is the greatest common divisor of h and 196?
49
Let l = 80 - -179. Let w(r) = 39*r**3 + 3*r - 9. Let f be w(-3). Let b = f + 1108. Calculate the greatest common factor of b and l.
37
Let x be (-4)/10 + (-25938)/(-45). Suppose 15*h - d = 13*h + 35, 0 = -2*h - 5*d + 41. Calculate the highest common divisor of x and h.
18
Let i(d) = -168*d + 9. Let t = -27 + 23. Let b be i(t). Let k be b/15 + 8/(-20). What is the greatest common factor of 405 and k?
45
Suppose -3*h - 30 = -4*l, -3*h = -6*h - 6. Let a(w) = 3 + 8*w - 22*w + 11*w + 10*w. Let f be a(9). What is the highest common factor of l and f?
6
Suppose -5*p + 7463 = 3*b + 659, p = 3*b - 6822. Suppose 5*j = 0, b + 807 = 5*o + j. What is the greatest common factor of 56 and o?
56
Suppose 1897*g - 1925*g = -119196. Calculate the highest common divisor of 27 and g.
9
Let y(j) = j**2 + 17*j - 62. Let z be y(5). Suppose 13*k = 15*k - z. What is the highest common factor of k and 12?
12
Suppose 4*y + 1135 = -373. Let u = -376 - y. What is the highest common divisor of u and 3?
1
Let c(j) = 3*j**2 - 51*j - 300. Let a be c(32). What is the greatest common divisor of 2220 and a?
60
Let q(p) = -18*p**3 + 8*p**2 - 5*p - 20. Let v be q(-2). Calculate the greatest common divisor of v and 3